{"id":27,"date":"2017-06-06T18:22:53","date_gmt":"2017-06-06T18:22:53","guid":{"rendered":"http:\/\/jadelafuente.es\/?page_id=27"},"modified":"2021-03-23T08:22:25","modified_gmt":"2021-03-23T07:22:25","slug":"taller-reparacion-maquina-herramienta","status":"publish","type":"page","link":"https:\/\/jadelafuente.es\/","title":{"rendered":"Taller de reparaci\u00f3n m\u00e1quina-herramienta"},"content":{"rendered":"<style type=\"text\/css\">@media only screen and (min-width: 1000px) and (max-width: 5000px){body.kc-css-system .kc-css-3340144{width: 65.1%;}body.kc-css-system .kc-css-4194073{width: 34.89%;}body.kc-css-system .kc-css-840204{width: 33.33%;}body.kc-css-system .kc-css-2837040{width: 33.33%;}body.kc-css-system .kc-css-2475011{width: 33.33%;}body.kc-css-system .kc-css-2864125{width: 50%;}body.kc-css-system .kc-css-1639695{width: 50%;}body.kc-css-system .kc-css-4146716{width: 50%;}body.kc-css-system .kc-css-1351364{width: 50%;}}body.kc-css-system .kc-css-590201 ,body.kc-css-system .kc-css-590201 p{font-family: Open Sans;}body.kc-css-system .kc-css-466626 h4{text-align: center;margin-right: 0px;margin-left: 0px;}body.kc-css-system .kc-css-2169329.kc_title,body.kc-css-system .kc-css-2169329 .kc_title,body.kc-css-system .kc-css-2169329 .kc_title a.kc_title_link{color: #ff7519;text-align: center;}body.kc-css-system .kc-css-3717848{text-align: center;}body.kc-css-system .kc-css-734693 ,body.kc-css-system .kc-css-734693 p{font-family: Open Sans;}body.kc-css-system .kc-css-2230271.kc_title,body.kc-css-system .kc-css-2230271 .kc_title,body.kc-css-system .kc-css-2230271 .kc_title a.kc_title_link{color: #ff7519;text-align: center;}body.kc-css-system .kc-css-881701 .content-title{color: #ff7519;text-align: center;}body.kc-css-system .kc-css-881701 .content-price{color: #ff7519;}body.kc-css-system .kc-css-881701 .content-currency{color: #ff7519;}body.kc-css-system .kc-css-881701 .kc-pricing-price span.content-duration{color: #ff7519;}body.kc-css-system .kc-css-881701 .content-desc li{color: #000000;text-transform: uppercase;}body.kc-css-system .kc-css-881701 .content-button a{color: #000000;background-color: #ff7519;}body.kc-css-system .kc-css-881701 .content-button a:hover{color: #ff7519;background-color: #ffffff;}body.kc-css-system .kc-css-881701 .content-button{background-color: #dbdbdb;}body.kc-css-system .kc-css-881701 .content-icon-header i{background-color: rgba(255, 255, 255, 0);}body.kc-css-system .kc-css-881701{background: #dbdbdb;}body.kc-css-system .kc-css-881701:hover{background-color: #b5b5b5;}body.kc-css-system .kc-css-532398.kc_title,body.kc-css-system .kc-css-532398 .kc_title,body.kc-css-system .kc-css-532398 .kc_title a.kc_title_link{color: #ff7519;text-align: center;}<\/style>\n<section class=\"kc-elm kc-css-1811097 kc_row\">\n<div class=\"kc-row-container  kc-container\">\n<div class=\"kc-wrap-columns\">\n<div class=\"kc-elm kc-css-3340144 kc_col-sm-8 kc_column kc_col-sm-8\">\n<div class=\"kc-col-container\">\n<div class=\"kc-elm kc-css-590201 kc_text_block\">\n<p><span style=\"color: #ff6600;\"><strong>Nuestra Historia\u00a0<\/strong><\/span><\/p>\n<p>Empresa fundada en 1995\u00a0 como Servicio t\u00e9cnico\u00a0 de reparaci\u00f3n de m\u00e1quina herramienta el\u00e9ctrica .\u00a0M\u00e1s de 25 a\u00f1os avalan nuestra profesionalidad y la pasi\u00f3n por el trabajo bien hecho. Localizados en Pamplona, Navarra damos servicio a nivel nacional.<\/p>\n<p><strong><span style=\"color: #ff6600;\">\u00bfA qu\u00e9 nos dedicamos?<br \/><\/span><\/strong><\/p>\n<p>Servicio t\u00e9cnico de reparaci\u00f3n oficial multimarca de m\u00e1quina &#8211; herramienta. Reparamos multitud de maquinaria el\u00e9ctrica de uso personal e industrial adem\u00e1s de suministro de recambios y accesorios de las mejores marcas.<\/p>\n<p><span style=\"color: #ff6600;\"><strong>\u00bfQu\u00e9 nos mueve?<\/strong><\/span><\/p>\n<p>Si hay algo que nos caracteriza y nos mantiene en activo despu\u00e9s de tantos a\u00f1os es el compromiso con el cliente. Este motor nos sirve de motivaci\u00f3n a la vez que de sustento para seguir desarrollando la actividad.<\/p>\n<p><span style=\"color: #ff6600;\"><strong>\u00bfQui\u00e9nes son nuestros clientes?<\/strong><\/span><\/p>\n<p>Atendemos tanto a profesionales del sector de construcci\u00f3n, reparaci\u00f3n y bricolaje como al particular.<\/p>\n<\/div>\n<\/div>\n<\/div>\n<div class=\"kc-elm kc-css-4194073 kc_col-sm-4 kc_column kc_col-sm-4\">\n<div class=\"kc-col-container\">\n<div class=\"kc-elm kc-css-1996244\" style=\"height: 35px; clear: both; width:100%;\"><\/div>\n<div class=\"kc-elm kc-css-4277538\">\n<div class=\"kc-carousel_images kc-elm kc-css-4277538\">\n<div class=\"kc-carousel-images owl-carousel-images kc-sync1  owl-nav-round\" data-owl-i-options='{\"items\":\"1\",\"tablet\":\"1\",\"mobile\":\"1\",\"speed\":\"557\",\"navigation\":\"yes\",\"pagination\":\"\",\"autoheight\":\"\",\"progressbar\":\"\",\"delay\":\"3\",\"autoplay\":\"yes\",\"showthumb\":\"\",\"num_thumb\":\"5\"}'>\n<div class=\"item\">\n<p>\t\t\t\t\t\t\t<img decoding=\"async\" src=\"https:\/\/jadelafuente.es\/wp-content\/uploads\/2021\/03\/Screenshot_20210307-212850.jpg\"  alt=\"\"\/><\/p><\/div>\n<div class=\"item\">\n<p>\t\t\t\t\t\t\t<img decoding=\"async\" src=\"https:\/\/jadelafuente.es\/wp-content\/uploads\/2021\/03\/Screenshot_20210308-165833-e1615221153845.jpg\"  alt=\"\"\/><\/p><\/div>\n<div class=\"item\">\n<p>\t\t\t\t\t\t\t<img decoding=\"async\" src=\"https:\/\/jadelafuente.es\/wp-content\/uploads\/2021\/03\/Screenshot_20210308-165815-e1615221169775.jpg\"  alt=\"\"\/><\/p><\/div>\n<div class=\"item\">\n<p>\t\t\t\t\t\t\t<img decoding=\"async\" src=\"https:\/\/jadelafuente.es\/wp-content\/uploads\/2021\/03\/WhatsApp-Image-2021-03-08-at-17.30.45.jpeg\"  alt=\"\"\/><\/p><\/div>\n<div class=\"item\">\n<p>\t\t\t\t\t\t\t<img decoding=\"async\" src=\"https:\/\/jadelafuente.es\/wp-content\/uploads\/2021\/03\/Screenshot_20210308-165755.jpg\"  alt=\"\"\/><\/p><\/div>\n<\/p><\/div>\n<\/p><\/div>\n<\/div>\n<\/div>\n<\/div>\n<\/div>\n<\/div>\n<\/section>\n<section class=\"kc-elm kc-css-2693443 kc_row\">\n<div class=\"kc-row-container  kc-container\">\n<div class=\"kc-wrap-columns\">\n<div class=\"kc-elm kc-css-840204 kc_col-sm-4 kc_column kc_col-sm-4\">\n<div class=\"kc-col-container\">\n<div class=\"kc-elm kc-css-1081038\" style=\"height: 20px; clear: both; width:100%;\"><\/div>\n<div class=\"kc-elm kc-css-466626 kc_counter_box\">\n\t<i class=\"et-bargraph element-icon\"><\/i><\/p>\n<h4>Reparaciones Anuales<\/h4>\n<p>\t<span class=\"counterup\">4500<\/span>\n\t<\/div>\n<\/div>\n<\/div>\n<div class=\"kc-elm kc-css-2837040 kc_col-sm-4 kc_column kc_col-sm-4\">\n<div class=\"kc-col-container\">\n<div class=\"kc-elm kc-css-3441150\" style=\"height: 20px; clear: both; width:100%;\"><\/div>\n<div class=\"kc-elm kc-css-3751271 kc_counter_box\">\n\t<i class=\"et-tools-2 element-icon\"><\/i><\/p>\n<h4>Marcas diferentes<\/h4>\n<p>\t<span class=\"counterup\">40<\/span>\n\t<\/div>\n<\/div>\n<\/div>\n<div class=\"kc-elm kc-css-2475011 kc_col-sm-4 kc_column kc_col-sm-4\">\n<div class=\"kc-col-container\">\n<div class=\"kc-elm kc-css-1684653\" style=\"height: 20px; clear: both; width:100%;\"><\/div>\n<div class=\"kc-elm kc-css-2729386 kc_counter_box\">\n\t<i class=\"et-profile-male element-icon\"><\/i><\/p>\n<h4>A\u00f1os experiencia en t\u00e9cnicos<\/h4>\n<p>\t<span class=\"counterup\">30<\/span>\n\t<\/div>\n<\/div>\n<\/div>\n<\/div>\n<\/div>\n<\/section>\n<section class=\"kc-elm kc-css-2815476 kc_row\">\n<div class=\"kc-row-container  kc-container\">\n<div class=\"kc-wrap-columns\">\n<div class=\"kc-elm kc-css-3408050 kc_col-sm-12 kc_column kc_col-sm-12\">\n<div class=\"kc-col-container\">\n<div class=\"kc-elm kc-css-3037342\" style=\"height: 20px; clear: both; width:100%;\"><\/div>\n<div class=\"kc-elm kc-css-2169329 kc-animated kc-animate-eff-fadeInRight kc-title-wrap \">\n<h1 class=\"kc_title\">NUESTROS SERVICIOS<\/h1>\n<\/div>\n<div class=\"kc-elm kc-css-1510803\" style=\"height: 20px; clear: both; width:100%;\"><\/div>\n<\/div>\n<\/div>\n<\/div>\n<\/div>\n<\/section>\n<section class=\"kc-elm kc-css-1749501 kc_row\">\n<div class=\"kc-row-container  kc-container\">\n<div class=\"kc-wrap-columns\">\n<div class=\"kc-elm kc-css-2864125 kc_col-sm-6 kc_column kc_col-sm-6\">\n<div class=\"kc-col-container\">\n<div class=\"kc-elm kc-css-3717848 kc_shortcode kc_video_play kc_video_wrapper\" data-video=\"https:\/\/www.youtube.com\/watch?v=4MsRJ5OB8B0\" data-width=\"600\" data-height=\"338.98305084746\" data-fullwidth=\"\" data-autoplay=\"\" data-loop=\"yes\" data-control=\"yes\" data-related=\"\" data-showinfo=\"\" data-kc-video-mute=\"\">\n\t\t\t<\/div>\n<\/div>\n<\/div>\n<div class=\"kc-elm kc-css-1639695 kc_col-sm-6 kc_column kc_col-sm-6\">\n<div class=\"kc-col-container\">\n<div class=\"kc-elm kc-css-1460742\" style=\"height: 20px; clear: both; width:100%;\"><\/div>\n<div class=\"kc-elm kc-css-734693 kc_text_block\">\n<ul>\n<li>\n<h3>Reparaci\u00f3n m\u00e1quina herramienta<\/h3>\n<\/li>\n<li>\n<h3>Recambios y accesorios<\/h3>\n<\/li>\n<li>\n<h3>Mantenimiento preventivo<\/h3>\n<\/li>\n<li>\n<h3>Venta de bater\u00edas<\/h3>\n<\/li>\n<li>\n<h3>Servicio reparaci\u00f3n Repair &#038; Go<\/h3>\n<\/li>\n<\/ul>\n<\/div>\n<\/div>\n<\/div>\n<\/div>\n<\/div>\n<\/section>\n<section class=\"kc-elm kc-css-3506985 kc_row\">\n<div class=\"kc-row-container  kc-container\">\n<div class=\"kc-wrap-columns\">\n<div class=\"kc-elm kc-css-840546 kc_col-sm-12 kc_column kc_col-sm-12\">\n<div class=\"kc-col-container\">\n<div class=\"kc-elm kc-css-2901288\" style=\"height: 20px; clear: both; width:100%;\"><\/div>\n<div class=\"kc-elm kc-css-2230271 kc-animated kc-animate-eff-fadeInRight kc-title-wrap \">\n<h1 class=\"kc_title\">CONOCE RAPAIR &#038; GO<\/h1>\n<\/div>\n<div class=\"kc-elm kc-css-3559578\" style=\"height: 20px; clear: both; width:100%;\"><\/div>\n<\/div>\n<\/div>\n<\/div>\n<\/div>\n<\/section>\n<section class=\"kc-elm kc-css-452819 kc_row\">\n<div class=\"kc-row-container  kc-container\">\n<div class=\"kc-wrap-columns\">\n<div class=\"kc-elm kc-css-4146716 kc_col-sm-6 kc_column kc_col-sm-6\">\n<div class=\"kc-col-container\">\n<div class=\"kc-elm kc-css-3463779\" style=\"height: 180px; clear: both; width:100%;\"><\/div>\n<div class=\"kc-elm kc-css-3947586 kc_shortcode kc_video_play kc_video_wrapper\" data-video=\"https:\/\/www.youtube.com\/watch?v=QQphX8opL5c\" data-width=\"600\" data-height=\"338.98305084746\" data-fullwidth=\"\" data-autoplay=\"\" data-loop=\"\" data-control=\"yes\" data-related=\"\" data-showinfo=\"\" data-kc-video-mute=\"\">\n\t\t\t<\/div>\n<\/div>\n<\/div>\n<div class=\"kc-elm kc-css-1351364 kc_col-sm-6 kc_column kc_col-sm-6\">\n<div class=\"kc-col-container\">\n<div class=\"kc-elm kc-css-881701 kc-animated kc-animate-eff-fadeIn kc-animate-speed-3s kc-pricing-tables kc-pricing-layout-1 kc-price-before-currency\">\n<div class=\"header-pricing\">\n<div class=\"content-title\">\n<div>Repair&amp;Go<\/div>\n<div class=\"content-sub-title\">Env\u00eda tu m\u00e1quina a reparar<\/div>\n<\/div>\n<div class=\"content-icon-header\"><i class=\"sl-refresh\"><\/i><\/div>\n<div class=\"kc-pricing-price\"><span class=\"content-price\">10<\/span><span class=\"content-currency\">\u20ac<\/span><span class=\"content-duration\">\/m\u00e1quina<\/span><\/div>\n<\/div>\n<ul class=\"content-desc\">\n<li>Sin moverte\n <\/li>\n<li>Sin sustos\n <\/li>\n<li>Adaptado a tus necesidades\n <\/li>\n<li>Recogida flexible\n <\/li>\n<li>Garant\u00eda de reparaci\u00f3n\n <\/li>\n<li>Amplio abanico de reparaciones <\/li>\n<\/ul>\n<div class=\"content-button\"><a href=\"https:\/\/jadelafuente.es\/?page_id=349\">Pru\u00e9balo<\/a><\/div>\n<\/div>\n<\/div>\n<\/div>\n<\/div>\n<\/div>\n<\/section>\n<section class=\"kc-elm kc-css-640330 kc_row\">\n<div class=\"kc-row-container  kc-container\">\n<div class=\"kc-wrap-columns\">\n<div class=\"kc-elm kc-css-1789552 kc_col-sm-12 kc_column kc_col-sm-12\">\n<div class=\"kc-col-container\">\n<div class=\"kc-elm kc-css-2338868\" style=\"height: 20px; clear: both; width:100%;\"><\/div>\n<div class=\"kc-elm kc-css-532398 kc-title-wrap \">\n<h1 class=\"kc_title\">NUESTRAS INSTALACIONES<\/h1>\n<\/div>\n<div class=\"kc-elm kc-css-4184598 kc-raw-code\"><script async src=\"https:\/\/static.theasys.io\/embed.js\" data-theasys=\"0s1ZZjWeUj2zIggsHadOUYnhkIe4jt\" data-height=\"450\"><\/script><\/div>\n<\/div>\n<\/div>\n<\/div>\n<\/div>\n<\/section>\n","protected":false},"excerpt":{"rendered":"<p>Nuestra Historia\u00a0 Empresa fundada en 1995\u00a0 como Servicio t\u00e9cnico\u00a0 de reparaci\u00f3n de m\u00e1quina herramienta el\u00e9ctrica .\u00a0M\u00e1s de 25 a\u00f1os avalan nuestra profesionalidad y la pasi\u00f3n por el trabajo bien hecho. Localizados en Pamplona, Navarra damos servicio a nivel nacional. \u00bfA qu\u00e9 nos dedicamos? Servicio t\u00e9cnico de reparaci\u00f3n oficial multimarca de m\u00e1quina &#8211; herramienta. Reparamos multitud [&hellip;]<\/p>\n","protected":false},"author":1,"featured_media":0,"parent":0,"menu_order":0,"comment_status":"closed","ping_status":"closed","template":"","meta":{"footnotes":""},"class_list":["post-27","page","type-page","status-publish","hentry"],"yoast_head":"<!-- This site is optimized with the Yoast SEO plugin v27.5 - https:\/\/yoast.com\/product\/yoast-seo-wordpress\/ -->\n<title>Taller de reparaci\u00f3n m\u00e1quina-herramienta - J.A de la Fuente<\/title>\n<meta name=\"robots\" content=\"index, follow, max-snippet:-1, max-image-preview:large, max-video-preview:-1\" \/>\n<link rel=\"canonical\" href=\"https:\/\/jadelafuente.es\/\" \/>\n<meta property=\"og:locale\" content=\"es_ES\" \/>\n<meta property=\"og:type\" content=\"article\" \/>\n<meta property=\"og:title\" content=\"Taller de reparaci\u00f3n m\u00e1quina-herramienta - J.A de la Fuente\" \/>\n<meta property=\"og:description\" content=\"Nuestra Historia\u00a0 Empresa fundada en 1995\u00a0 como Servicio t\u00e9cnico\u00a0 de reparaci\u00f3n de m\u00e1quina herramienta el\u00e9ctrica .\u00a0M\u00e1s de 25 a\u00f1os avalan nuestra profesionalidad y la pasi\u00f3n por el trabajo bien hecho. Localizados en Pamplona, Navarra damos servicio a nivel nacional. \u00bfA qu\u00e9 nos dedicamos? Servicio t\u00e9cnico de reparaci\u00f3n oficial multimarca de m\u00e1quina &#8211; herramienta. Reparamos multitud [&hellip;]\" \/>\n<meta property=\"og:url\" content=\"https:\/\/jadelafuente.es\/\" \/>\n<meta property=\"og:site_name\" content=\"J.A de la Fuente\" \/>\n<meta property=\"article:modified_time\" content=\"2021-03-23T07:22:25+00:00\" \/>\n<meta property=\"og:image\" content=\"https:\/\/jadelafuente.es\/wp-content\/uploads\/2021\/03\/Screenshot_20210307-212850.jpg\" \/>\n<meta name=\"twitter:card\" content=\"summary_large_image\" \/>\n<meta name=\"twitter:label1\" content=\"Tiempo de lectura\" \/>\n\t<meta name=\"twitter:data1\" content=\"1 minuto\" \/>\n<script type=\"application\/ld+json\" class=\"yoast-schema-graph\">{\"@context\":\"https:\\\/\\\/schema.org\",\"@graph\":[{\"@type\":\"WebPage\",\"@id\":\"https:\\\/\\\/jadelafuente.es\\\/\",\"url\":\"https:\\\/\\\/jadelafuente.es\\\/\",\"name\":\"Taller de reparaci\u00f3n m\u00e1quina-herramienta - J.A de la Fuente\",\"isPartOf\":{\"@id\":\"https:\\\/\\\/jadelafuente.es\\\/#website\"},\"primaryImageOfPage\":{\"@id\":\"https:\\\/\\\/jadelafuente.es\\\/#primaryimage\"},\"image\":{\"@id\":\"https:\\\/\\\/jadelafuente.es\\\/#primaryimage\"},\"thumbnailUrl\":\"https:\\\/\\\/jadelafuente.es\\\/wp-content\\\/uploads\\\/2021\\\/03\\\/Screenshot_20210307-212850.jpg\",\"datePublished\":\"2017-06-06T18:22:53+00:00\",\"dateModified\":\"2021-03-23T07:22:25+00:00\",\"breadcrumb\":{\"@id\":\"https:\\\/\\\/jadelafuente.es\\\/#breadcrumb\"},\"inLanguage\":\"es\",\"potentialAction\":[{\"@type\":\"ReadAction\",\"target\":[\"https:\\\/\\\/jadelafuente.es\\\/\"]}]},{\"@type\":\"ImageObject\",\"inLanguage\":\"es\",\"@id\":\"https:\\\/\\\/jadelafuente.es\\\/#primaryimage\",\"url\":\"https:\\\/\\\/jadelafuente.es\\\/wp-content\\\/uploads\\\/2021\\\/03\\\/Screenshot_20210307-212850.jpg\",\"contentUrl\":\"https:\\\/\\\/jadelafuente.es\\\/wp-content\\\/uploads\\\/2021\\\/03\\\/Screenshot_20210307-212850.jpg\"},{\"@type\":\"BreadcrumbList\",\"@id\":\"https:\\\/\\\/jadelafuente.es\\\/#breadcrumb\",\"itemListElement\":[{\"@type\":\"ListItem\",\"position\":1,\"name\":\"Portada\",\"item\":\"https:\\\/\\\/jadelafuente.es\\\/\"},{\"@type\":\"ListItem\",\"position\":2,\"name\":\"Taller de reparaci\u00f3n m\u00e1quina-herramienta\"}]},{\"@type\":\"WebSite\",\"@id\":\"https:\\\/\\\/jadelafuente.es\\\/#website\",\"url\":\"https:\\\/\\\/jadelafuente.es\\\/\",\"name\":\"J.A de la Fuente\",\"description\":\"Servicio t\u00e9cnico de reparaci\u00f3n multimarca\",\"publisher\":{\"@id\":\"https:\\\/\\\/jadelafuente.es\\\/#organization\"},\"potentialAction\":[{\"@type\":\"SearchAction\",\"target\":{\"@type\":\"EntryPoint\",\"urlTemplate\":\"https:\\\/\\\/jadelafuente.es\\\/?s={search_term_string}\"},\"query-input\":{\"@type\":\"PropertyValueSpecification\",\"valueRequired\":true,\"valueName\":\"search_term_string\"}}],\"inLanguage\":\"es\"},{\"@type\":\"Organization\",\"@id\":\"https:\\\/\\\/jadelafuente.es\\\/#organization\",\"name\":\"J.A de la Fuente\",\"url\":\"https:\\\/\\\/jadelafuente.es\\\/\",\"logo\":{\"@type\":\"ImageObject\",\"inLanguage\":\"es\",\"@id\":\"https:\\\/\\\/jadelafuente.es\\\/#\\\/schema\\\/logo\\\/image\\\/\",\"url\":\"https:\\\/\\\/jadelafuente.es\\\/wp-content\\\/uploads\\\/2021\\\/03\\\/cropped-unnamed.png\",\"contentUrl\":\"https:\\\/\\\/jadelafuente.es\\\/wp-content\\\/uploads\\\/2021\\\/03\\\/cropped-unnamed.png\",\"width\":640,\"height\":277,\"caption\":\"J.A de la Fuente\"},\"image\":{\"@id\":\"https:\\\/\\\/jadelafuente.es\\\/#\\\/schema\\\/logo\\\/image\\\/\"}}]}<\/script>\n<!-- \/ Yoast SEO plugin. -->","yoast_head_json":{"title":"Taller de reparaci\u00f3n m\u00e1quina-herramienta - J.A de la Fuente","robots":{"index":"index","follow":"follow","max-snippet":"max-snippet:-1","max-image-preview":"max-image-preview:large","max-video-preview":"max-video-preview:-1"},"canonical":"https:\/\/jadelafuente.es\/","og_locale":"es_ES","og_type":"article","og_title":"Taller de reparaci\u00f3n m\u00e1quina-herramienta - J.A de la Fuente","og_description":"Nuestra Historia\u00a0 Empresa fundada en 1995\u00a0 como Servicio t\u00e9cnico\u00a0 de reparaci\u00f3n de m\u00e1quina herramienta el\u00e9ctrica .\u00a0M\u00e1s de 25 a\u00f1os avalan nuestra profesionalidad y la pasi\u00f3n por el trabajo bien hecho. Localizados en Pamplona, Navarra damos servicio a nivel nacional. \u00bfA qu\u00e9 nos dedicamos? Servicio t\u00e9cnico de reparaci\u00f3n oficial multimarca de m\u00e1quina &#8211; herramienta. Reparamos multitud [&hellip;]","og_url":"https:\/\/jadelafuente.es\/","og_site_name":"J.A de la Fuente","article_modified_time":"2021-03-23T07:22:25+00:00","og_image":[{"url":"https:\/\/jadelafuente.es\/wp-content\/uploads\/2021\/03\/Screenshot_20210307-212850.jpg","type":"","width":"","height":""}],"twitter_card":"summary_large_image","twitter_misc":{"Tiempo de lectura":"1 minuto"},"schema":{"@context":"https:\/\/schema.org","@graph":[{"@type":"WebPage","@id":"https:\/\/jadelafuente.es\/","url":"https:\/\/jadelafuente.es\/","name":"Taller de reparaci\u00f3n m\u00e1quina-herramienta - J.A de la Fuente","isPartOf":{"@id":"https:\/\/jadelafuente.es\/#website"},"primaryImageOfPage":{"@id":"https:\/\/jadelafuente.es\/#primaryimage"},"image":{"@id":"https:\/\/jadelafuente.es\/#primaryimage"},"thumbnailUrl":"https:\/\/jadelafuente.es\/wp-content\/uploads\/2021\/03\/Screenshot_20210307-212850.jpg","datePublished":"2017-06-06T18:22:53+00:00","dateModified":"2021-03-23T07:22:25+00:00","breadcrumb":{"@id":"https:\/\/jadelafuente.es\/#breadcrumb"},"inLanguage":"es","potentialAction":[{"@type":"ReadAction","target":["https:\/\/jadelafuente.es\/"]}]},{"@type":"ImageObject","inLanguage":"es","@id":"https:\/\/jadelafuente.es\/#primaryimage","url":"https:\/\/jadelafuente.es\/wp-content\/uploads\/2021\/03\/Screenshot_20210307-212850.jpg","contentUrl":"https:\/\/jadelafuente.es\/wp-content\/uploads\/2021\/03\/Screenshot_20210307-212850.jpg"},{"@type":"BreadcrumbList","@id":"https:\/\/jadelafuente.es\/#breadcrumb","itemListElement":[{"@type":"ListItem","position":1,"name":"Portada","item":"https:\/\/jadelafuente.es\/"},{"@type":"ListItem","position":2,"name":"Taller de reparaci\u00f3n m\u00e1quina-herramienta"}]},{"@type":"WebSite","@id":"https:\/\/jadelafuente.es\/#website","url":"https:\/\/jadelafuente.es\/","name":"J.A de la Fuente","description":"Servicio t\u00e9cnico de reparaci\u00f3n multimarca","publisher":{"@id":"https:\/\/jadelafuente.es\/#organization"},"potentialAction":[{"@type":"SearchAction","target":{"@type":"EntryPoint","urlTemplate":"https:\/\/jadelafuente.es\/?s={search_term_string}"},"query-input":{"@type":"PropertyValueSpecification","valueRequired":true,"valueName":"search_term_string"}}],"inLanguage":"es"},{"@type":"Organization","@id":"https:\/\/jadelafuente.es\/#organization","name":"J.A de la Fuente","url":"https:\/\/jadelafuente.es\/","logo":{"@type":"ImageObject","inLanguage":"es","@id":"https:\/\/jadelafuente.es\/#\/schema\/logo\/image\/","url":"https:\/\/jadelafuente.es\/wp-content\/uploads\/2021\/03\/cropped-unnamed.png","contentUrl":"https:\/\/jadelafuente.es\/wp-content\/uploads\/2021\/03\/cropped-unnamed.png","width":640,"height":277,"caption":"J.A de la Fuente"},"image":{"@id":"https:\/\/jadelafuente.es\/#\/schema\/logo\/image\/"}}]}},"_links":{"self":[{"href":"https:\/\/jadelafuente.es\/index.php?rest_route=\/wp\/v2\/pages\/27","targetHints":{"allow":["GET"]}}],"collection":[{"href":"https:\/\/jadelafuente.es\/index.php?rest_route=\/wp\/v2\/pages"}],"about":[{"href":"https:\/\/jadelafuente.es\/index.php?rest_route=\/wp\/v2\/types\/page"}],"author":[{"embeddable":true,"href":"https:\/\/jadelafuente.es\/index.php?rest_route=\/wp\/v2\/users\/1"}],"replies":[{"embeddable":true,"href":"https:\/\/jadelafuente.es\/index.php?rest_route=%2Fwp%2Fv2%2Fcomments&post=27"}],"version-history":[{"count":191,"href":"https:\/\/jadelafuente.es\/index.php?rest_route=\/wp\/v2\/pages\/27\/revisions"}],"predecessor-version":[{"id":1048,"href":"https:\/\/jadelafuente.es\/index.php?rest_route=\/wp\/v2\/pages\/27\/revisions\/1048"}],"wp:attachment":[{"href":"https:\/\/jadelafuente.es\/index.php?rest_route=%2Fwp%2Fv2%2Fmedia&parent=27"}],"curies":[{"name":"wp","href":"https:\/\/api.w.org\/{rel}","templated":true}]}}