{"id":19,"date":"2017-06-06T18:12:19","date_gmt":"2017-06-06T18:12:19","guid":{"rendered":"http:\/\/jadelafuente.es\/?page_id=19"},"modified":"2023-09-18T16:54:29","modified_gmt":"2023-09-18T14:54:29","slug":"contacto","status":"publish","type":"page","link":"https:\/\/jadelafuente.es\/?page_id=19","title":{"rendered":"Contacto"},"content":{"rendered":"<style type=\"text\/css\">@media only screen and (min-width: 1000px) and (max-width: 5000px){body.kc-css-system .kc-css-361086{width: 67.71%;}body.kc-css-system .kc-css-1572964{width: 32.26%;}body.kc-css-system .kc-css-2280473{width: 24.73%;}body.kc-css-system .kc-css-3748815{width: 50.67%;}body.kc-css-system .kc-css-1598088{width: 24.58%;}}<\/style>\n<section class=\"kc-elm kc-css-1643004 kc_row\">\n<div class=\"kc-row-container  kc-container\">\n<div class=\"kc-wrap-columns\">\n<div class=\"kc-elm kc-css-361086 kc_col-sm-8 kc_column kc_col-sm-8\">\n<div class=\"kc-col-container\">\n<div class=\"kc-elm kc-css-2344937 kc_text_block\">\n<p><span style=\"color: #ff6600;\"><strong>Direcci\u00f3n<\/strong><\/span> Pol\u00edgono Industrial Mutilva Baja , calle K\u00a0 nave 6 . C.P 31192. Mutilva Baja, Navarra , Espa\u00f1a.<\/p>\n<p><span style=\"color: #ff6600;\"><strong>Tel\u00e9fono<\/strong><\/span> 948249323<\/p>\n<p><span style=\"color: #ff6600;\"><strong>Correo<\/strong><\/span> jadelafuente1995@gmail.com<\/p>\n<p><span style=\"color: #ff6600;\"><strong>Horario<\/strong><\/span> Lunes a Viernes de 8:00 a 16:00 \/ S\u00e1bados y Domingo : Cerrado<\/p>\n<\/div>\n<\/div>\n<\/div>\n<div class=\"kc-elm kc-css-1572964 kc_col-sm-4 kc_column kc_col-sm-4\">\n<div class=\"kc-col-container\">\n<div class=\"kc-elm kc-css-3631838 kc_text_block\">\n<p>\n<iframe loading=\"lazy\" style=\"border: 0;\" src=\"https:\/\/www.google.com\/maps\/embed?pb=!1m18!1m12!1m3!1d3230.4546670357868!2d-1.629447389083084!3d42.78610294251568!2m3!1f0!2f0!3f0!3m2!1i1024!2i768!4f13.1!3m3!1m2!1s0x0%3A0x8e934b3ff395aa3c!2sJA+de+la+Fuente+S.L.!5e0!3m2!1ses!2ses!4v1516451033369\" width=\"400\" height=\"300\" frameborder=\"0\" allowfullscreen=\"allowfullscreen\"><\/iframe><\/p>\n<\/div>\n<\/div>\n<\/div>\n<\/div>\n<\/div>\n<\/section>\n<section class=\"kc-elm kc-css-3745494 kc_row\">\n<div class=\"kc-row-container  kc-container\">\n<div class=\"kc-wrap-columns\">\n<div class=\"kc-elm kc-css-2280473 kc_col-sm-3 kc_column kc_col-sm-3\">\n<div class=\"kc-col-container\"><\/div>\n<\/div>\n<div class=\"kc-elm kc-css-3748815 kc_col-sm-6 kc_column kc_col-sm-6\">\n<div class=\"kc-col-container\">\n<div class=\"kc-elm kc-css-4030165 kc_text_block\">\n<h3 style=\"text-align: center;\"><span style=\"color: #ff6600;\">Formulario de contacto<br \/><\/span><\/h3>\n<div class=\"wpcf7 no-js\" id=\"wpcf7-f501-o2\" lang=\"es-ES\" dir=\"ltr\">\n<div class=\"screen-reader-response\">\n<p role=\"status\" aria-live=\"polite\" aria-atomic=\"true\">\n<ul><\/ul>\n<\/div>\n<form action=\"\/wp-admin\/post.php#wpcf7-f501-o2\" method=\"post\" class=\"wpcf7-form init\" aria-label=\"Formulario de contacto\" enctype=\"multipart\/form-data\" novalidate=\"novalidate\" data-status=\"init\">\n<div style=\"display: none;\">\n<input type=\"hidden\" name=\"_wpcf7\" value=\"501\" \/><br \/>\n<input type=\"hidden\" name=\"_wpcf7_version\" value=\"5.8\" \/><br \/>\n<input type=\"hidden\" name=\"_wpcf7_locale\" value=\"es_ES\" \/><br \/>\n<input type=\"hidden\" name=\"_wpcf7_unit_tag\" value=\"wpcf7-f501-o2\" \/><br \/>\n<input type=\"hidden\" name=\"_wpcf7_container_post\" value=\"0\" \/><br \/>\n<input type=\"hidden\" name=\"_wpcf7_posted_data_hash\" value=\"\" \/>\n<\/div>\n<p><label> Nombre (*)<br \/>\n<span class=\"wpcf7-form-control-wrap\" data-name=\"your-name\"><input size=\"40\" class=\"wpcf7-form-control wpcf7-text wpcf7-validates-as-required\" aria-required=\"true\" aria-invalid=\"false\" value=\"\" type=\"text\" name=\"your-name\" \/><\/span> <\/label><br \/>\n<label> Tel\u00e9fono<br \/>\n<span class=\"wpcf7-form-control-wrap\" data-name=\"Tfnodecontacto\"><input size=\"40\" class=\"wpcf7-form-control wpcf7-tel wpcf7-text wpcf7-validates-as-tel\" aria-invalid=\"false\" placeholder=\"616232XXX\" value=\"\" type=\"tel\" name=\"Tfnodecontacto\" \/><\/span> <\/label>\n<\/p>\n<p><label> Correo electr\u00f3nico (*)<br \/>\n<span class=\"wpcf7-form-control-wrap\" data-name=\"email-139\"><input size=\"40\" class=\"wpcf7-form-control wpcf7-email wpcf7-validates-as-required wpcf7-text wpcf7-validates-as-email\" aria-required=\"true\" aria-invalid=\"false\" placeholder=\"ejemplo@gmail.com\" value=\"\" type=\"email\" name=\"email-139\" \/><\/span> <\/label>\n<\/p>\n<p><label> Asunto<br \/>\n<span class=\"wpcf7-form-control-wrap\" data-name=\"menu-101\"><select class=\"wpcf7-form-control wpcf7-select wpcf7-validates-as-required\" aria-required=\"true\" aria-invalid=\"false\" name=\"menu-101\"><option value=\"Informaci\u00f3n\">Informaci\u00f3n<\/option><option value=\"Empleo\">Empleo<\/option><option value=\"Presupuesto\">Presupuesto<\/option><option value=\"Reclamaciones\">Reclamaciones<\/option><option value=\"Otros\">Otros<\/option><option value=\"Pedido\">Pedido<\/option><\/select><\/span> <\/label>\n<\/p>\n<p><label> Mensaje<br \/>\n<span class=\"wpcf7-form-control-wrap\" data-name=\"text-536\"><input size=\"40\" class=\"wpcf7-form-control wpcf7-text\" aria-invalid=\"false\" value=\"\" type=\"text\" name=\"text-536\" \/><\/span> <\/label>\n<\/p>\n<p><label> Archivos adjuntos<br \/>\n<span class=\"wpcf7-form-control-wrap\" data-name=\"file-337\"><input size=\"40\" class=\"wpcf7-form-control wpcf7-file\" accept=\"audio\/*,video\/*,image\/*\" aria-invalid=\"false\" type=\"file\" name=\"file-337\" \/><\/span> <label><br \/>\n<span class=\"wpcf7-form-control-wrap\" data-name=\"acceptance-251\"><span class=\"wpcf7-form-control wpcf7-acceptance\"><span class=\"wpcf7-list-item\"><label><input type=\"checkbox\" name=\"acceptance-251\" value=\"1\" aria-invalid=\"false\" \/><span class=\"wpcf7-list-item-label\">Acepto la <a href=\"https:\/\/jadelafuente.es\/?page_id=894\/\">pol\u00edtica de privacidad<\/a><\/span><\/label><\/span><\/span><\/span><br \/>\n<input class=\"wpcf7-form-control wpcf7-submit has-spinner\" type=\"submit\" value=\"Enviar\" \/><br \/>\n<\/label><\/label>\n<\/p>\n<p>(*) Campo necesario\n<\/p>\n<p><input type='hidden' class='wpcf7-pum' value='{\"closepopup\":false,\"closedelay\":0,\"openpopup\":false,\"openpopup_id\":0}' \/><\/p>\n<div class=\"wpcf7-response-output\" aria-hidden=\"true\"><\/div>\n<\/form>\n<\/div>\n<\/div>\n<\/div>\n<\/div>\n<div class=\"kc-elm kc-css-1598088 kc_col-sm-3 kc_column kc_col-sm-3\">\n<div class=\"kc-col-container\"><\/div>\n<\/div>\n<\/div>\n<\/div>\n<\/section>\n","protected":false},"excerpt":{"rendered":"<p>Direcci\u00f3n Pol\u00edgono Industrial Mutilva Baja , calle K\u00a0 nave 6 . C.P 31192. Mutilva Baja, Navarra , Espa\u00f1a. Tel\u00e9fono 948249323 Correo jadelafuente1995@gmail.com Horario Lunes a Viernes de 8:00 a 16:00 \/ S\u00e1bados y Domingo : Cerrado Formulario de contacto Nombre (*) Tel\u00e9fono Correo electr\u00f3nico (*) Asunto Informaci\u00f3nEmpleoPresupuestoReclamacionesOtrosPedido Mensaje Archivos adjuntos Acepto la pol\u00edtica de privacidad [&hellip;]<\/p>\n","protected":false},"author":1,"featured_media":0,"parent":0,"menu_order":0,"comment_status":"closed","ping_status":"closed","template":"","meta":{"footnotes":""},"class_list":["post-19","page","type-page","status-publish","hentry"],"yoast_head":"<!-- This site is optimized with the Yoast SEO plugin v27.4 - https:\/\/yoast.com\/product\/yoast-seo-wordpress\/ -->\n<title>Contacto - J.A de la Fuente<\/title>\n<meta name=\"description\" content=\"Datos de contacto y direcci\u00f3n del servicio t\u00e9cnico de reparaci\u00f3n en Pamplona , Navarra.\" \/>\n<meta name=\"robots\" content=\"index, follow, max-snippet:-1, max-image-preview:large, max-video-preview:-1\" \/>\n<link rel=\"canonical\" href=\"https:\/\/jadelafuente.es\/?page_id=19\" \/>\n<meta property=\"og:locale\" content=\"es_ES\" \/>\n<meta property=\"og:type\" content=\"article\" \/>\n<meta property=\"og:title\" content=\"Contacto - J.A de la Fuente\" \/>\n<meta property=\"og:description\" content=\"Datos de contacto y direcci\u00f3n del servicio t\u00e9cnico de reparaci\u00f3n en Pamplona , Navarra.\" \/>\n<meta property=\"og:url\" content=\"https:\/\/jadelafuente.es\/?page_id=19\" \/>\n<meta property=\"og:site_name\" content=\"J.A de la Fuente\" \/>\n<meta property=\"article:modified_time\" content=\"2023-09-18T14:54:29+00:00\" \/>\n<meta name=\"twitter:card\" content=\"summary_large_image\" \/>\n<meta name=\"twitter:label1\" content=\"Tiempo de lectura\" \/>\n\t<meta name=\"twitter:data1\" content=\"1 minuto\" \/>\n<script type=\"application\/ld+json\" class=\"yoast-schema-graph\">{\"@context\":\"https:\\\/\\\/schema.org\",\"@graph\":[{\"@type\":\"WebPage\",\"@id\":\"https:\\\/\\\/jadelafuente.es\\\/?page_id=19\",\"url\":\"https:\\\/\\\/jadelafuente.es\\\/?page_id=19\",\"name\":\"Contacto - J.A de la Fuente\",\"isPartOf\":{\"@id\":\"https:\\\/\\\/jadelafuente.es\\\/#website\"},\"datePublished\":\"2017-06-06T18:12:19+00:00\",\"dateModified\":\"2023-09-18T14:54:29+00:00\",\"description\":\"Datos de contacto y direcci\u00f3n del servicio t\u00e9cnico de reparaci\u00f3n en Pamplona , Navarra.\",\"breadcrumb\":{\"@id\":\"https:\\\/\\\/jadelafuente.es\\\/?page_id=19#breadcrumb\"},\"inLanguage\":\"es\",\"potentialAction\":[{\"@type\":\"ReadAction\",\"target\":[\"https:\\\/\\\/jadelafuente.es\\\/?page_id=19\"]}]},{\"@type\":\"BreadcrumbList\",\"@id\":\"https:\\\/\\\/jadelafuente.es\\\/?page_id=19#breadcrumb\",\"itemListElement\":[{\"@type\":\"ListItem\",\"position\":1,\"name\":\"Portada\",\"item\":\"https:\\\/\\\/jadelafuente.es\\\/\"},{\"@type\":\"ListItem\",\"position\":2,\"name\":\"Contacto\"}]},{\"@type\":\"WebSite\",\"@id\":\"https:\\\/\\\/jadelafuente.es\\\/#website\",\"url\":\"https:\\\/\\\/jadelafuente.es\\\/\",\"name\":\"J.A de la Fuente\",\"description\":\"Servicio t\u00e9cnico de reparaci\u00f3n multimarca\",\"publisher\":{\"@id\":\"https:\\\/\\\/jadelafuente.es\\\/#organization\"},\"potentialAction\":[{\"@type\":\"SearchAction\",\"target\":{\"@type\":\"EntryPoint\",\"urlTemplate\":\"https:\\\/\\\/jadelafuente.es\\\/?s={search_term_string}\"},\"query-input\":{\"@type\":\"PropertyValueSpecification\",\"valueRequired\":true,\"valueName\":\"search_term_string\"}}],\"inLanguage\":\"es\"},{\"@type\":\"Organization\",\"@id\":\"https:\\\/\\\/jadelafuente.es\\\/#organization\",\"name\":\"J.A de la Fuente\",\"url\":\"https:\\\/\\\/jadelafuente.es\\\/\",\"logo\":{\"@type\":\"ImageObject\",\"inLanguage\":\"es\",\"@id\":\"https:\\\/\\\/jadelafuente.es\\\/#\\\/schema\\\/logo\\\/image\\\/\",\"url\":\"https:\\\/\\\/jadelafuente.es\\\/wp-content\\\/uploads\\\/2021\\\/03\\\/cropped-unnamed.png\",\"contentUrl\":\"https:\\\/\\\/jadelafuente.es\\\/wp-content\\\/uploads\\\/2021\\\/03\\\/cropped-unnamed.png\",\"width\":640,\"height\":277,\"caption\":\"J.A de la Fuente\"},\"image\":{\"@id\":\"https:\\\/\\\/jadelafuente.es\\\/#\\\/schema\\\/logo\\\/image\\\/\"}}]}<\/script>\n<!-- \/ Yoast SEO plugin. -->","yoast_head_json":{"title":"Contacto - J.A de la Fuente","description":"Datos de contacto y direcci\u00f3n del servicio t\u00e9cnico de reparaci\u00f3n en Pamplona , Navarra.","robots":{"index":"index","follow":"follow","max-snippet":"max-snippet:-1","max-image-preview":"max-image-preview:large","max-video-preview":"max-video-preview:-1"},"canonical":"https:\/\/jadelafuente.es\/?page_id=19","og_locale":"es_ES","og_type":"article","og_title":"Contacto - J.A de la Fuente","og_description":"Datos de contacto y direcci\u00f3n del servicio t\u00e9cnico de reparaci\u00f3n en Pamplona , Navarra.","og_url":"https:\/\/jadelafuente.es\/?page_id=19","og_site_name":"J.A de la Fuente","article_modified_time":"2023-09-18T14:54:29+00:00","twitter_card":"summary_large_image","twitter_misc":{"Tiempo de lectura":"1 minuto"},"schema":{"@context":"https:\/\/schema.org","@graph":[{"@type":"WebPage","@id":"https:\/\/jadelafuente.es\/?page_id=19","url":"https:\/\/jadelafuente.es\/?page_id=19","name":"Contacto - J.A de la Fuente","isPartOf":{"@id":"https:\/\/jadelafuente.es\/#website"},"datePublished":"2017-06-06T18:12:19+00:00","dateModified":"2023-09-18T14:54:29+00:00","description":"Datos de contacto y direcci\u00f3n del servicio t\u00e9cnico de reparaci\u00f3n en Pamplona , Navarra.","breadcrumb":{"@id":"https:\/\/jadelafuente.es\/?page_id=19#breadcrumb"},"inLanguage":"es","potentialAction":[{"@type":"ReadAction","target":["https:\/\/jadelafuente.es\/?page_id=19"]}]},{"@type":"BreadcrumbList","@id":"https:\/\/jadelafuente.es\/?page_id=19#breadcrumb","itemListElement":[{"@type":"ListItem","position":1,"name":"Portada","item":"https:\/\/jadelafuente.es\/"},{"@type":"ListItem","position":2,"name":"Contacto"}]},{"@type":"WebSite","@id":"https:\/\/jadelafuente.es\/#website","url":"https:\/\/jadelafuente.es\/","name":"J.A de la Fuente","description":"Servicio t\u00e9cnico de reparaci\u00f3n multimarca","publisher":{"@id":"https:\/\/jadelafuente.es\/#organization"},"potentialAction":[{"@type":"SearchAction","target":{"@type":"EntryPoint","urlTemplate":"https:\/\/jadelafuente.es\/?s={search_term_string}"},"query-input":{"@type":"PropertyValueSpecification","valueRequired":true,"valueName":"search_term_string"}}],"inLanguage":"es"},{"@type":"Organization","@id":"https:\/\/jadelafuente.es\/#organization","name":"J.A de la Fuente","url":"https:\/\/jadelafuente.es\/","logo":{"@type":"ImageObject","inLanguage":"es","@id":"https:\/\/jadelafuente.es\/#\/schema\/logo\/image\/","url":"https:\/\/jadelafuente.es\/wp-content\/uploads\/2021\/03\/cropped-unnamed.png","contentUrl":"https:\/\/jadelafuente.es\/wp-content\/uploads\/2021\/03\/cropped-unnamed.png","width":640,"height":277,"caption":"J.A de la Fuente"},"image":{"@id":"https:\/\/jadelafuente.es\/#\/schema\/logo\/image\/"}}]}},"_links":{"self":[{"href":"https:\/\/jadelafuente.es\/index.php?rest_route=\/wp\/v2\/pages\/19","targetHints":{"allow":["GET"]}}],"collection":[{"href":"https:\/\/jadelafuente.es\/index.php?rest_route=\/wp\/v2\/pages"}],"about":[{"href":"https:\/\/jadelafuente.es\/index.php?rest_route=\/wp\/v2\/types\/page"}],"author":[{"embeddable":true,"href":"https:\/\/jadelafuente.es\/index.php?rest_route=\/wp\/v2\/users\/1"}],"replies":[{"embeddable":true,"href":"https:\/\/jadelafuente.es\/index.php?rest_route=%2Fwp%2Fv2%2Fcomments&post=19"}],"version-history":[{"count":57,"href":"https:\/\/jadelafuente.es\/index.php?rest_route=\/wp\/v2\/pages\/19\/revisions"}],"predecessor-version":[{"id":1061,"href":"https:\/\/jadelafuente.es\/index.php?rest_route=\/wp\/v2\/pages\/19\/revisions\/1061"}],"wp:attachment":[{"href":"https:\/\/jadelafuente.es\/index.php?rest_route=%2Fwp%2Fv2%2Fmedia&parent=19"}],"curies":[{"name":"wp","href":"https:\/\/api.w.org\/{rel}","templated":true}]}}